*v + 120 - 36. What is the tens digit of v?
2
Let m = 21 - 4. What is the units digit of m?
7
Let q(x) = x**2 + 10*x + 12. Let f be q(-9). Suppose f*c = 2*c + 15. What is the units digit of c?
5
What is the hundreds digit of (-214)/(-6)*(0/2 - -3)?
1
Suppose 0*f + 5*f = -4*h + 1, 5*h + 5*f = 5. Let v be (-12)/(-6) - -1*h. What is the units digit of (7 - 3) + -3 + v?
7
Suppose 0 = 5*o - 3*o + 2. Let d = o - -12. What is the tens digit of d?
1
Suppose -5*u - 3*b = -4*b - 388, 4*u + 2*b = 302. What is the units digit of u?
7
Let q(b) = 3*b**2 + 2. Suppose 2*w - 2*k - 6 = 0, -w + 4*k = k - 3. What is the tens digit of q(w)?
2
Suppose -j + 19 = -59. What is the tens digit of j?
7
Let o = 2 - -6. Suppose -2*z = 8, 2*z = 5*c - z - 12. What is the units digit of (-4 - c)*(-4)/o?
2
Let s be (28/2)/((-2)/1). What is the tens digit of 1 - s/(21/27)?
1
Let a(h) = 2 - 11*h**2 - 7 + h**3 + 11*h - 1. Let i be a(10). Suppose -7*o + 15 = -i*o. What is the units digit of o?
5
Suppose -3*g - 22 = -0*g + 2*f, -f = 2*g + 13. What is the units digit of 4/(-3)*42/g?
4
Let d(s) = 56*s + 2. What is the tens digit of d(2)?
1
Let o be (-3 + 69/3)*1. Suppose -2*h + 18 = -3*g + 5*g, 0 = -2*h - 4*g + o. What is the units digit of h?
8
Let a(c) = 133*c**2 - c. What is the tens digit of a(1)?
3
Let q(k) = -26*k. Let o be q(-2). Suppose 5*g + 0*g - 148 = -2*n, 2*g = n + o. Let m = g - 11. What is the units digit of m?
7
Let j = 183 - 74. What is the units digit of j?
9
Let u = 43 + 97. What is the tens digit of u?
4
Let a be 2*(-1 - -2) + -7. Let g(l) = l**2 + 3*l - 3. What is the units digit of g(a)?
7
Let k be 4/((-24)/(-39))*4. Let n = -12 + k. What is the tens digit of n?
1
Suppose 5*l = -5*k, -3*l - k + 4 = -2*k. Suppose -48 = -4*h + 4*x, -h - 4*x + 3 - l = 0. What is the tens digit of h?
1
Suppose 2*u = -5*l + 72, -u - 3*l - 104 = -3*u. Suppose -10 = -x + u. Suppose 5*p - 5*f - 20 = 0, 5*p + 7*f = 3*f + x. What is the units digit of p?
8
What is the tens digit of 52 + 35/5 + -4?
5
Suppose 0 = -a + 4*a - 12. Suppose 5*t - 26 = -c, -5*c = -a*t - 0*c + 15. What is the units digit of t?
5
Let a = 93 + -160. Let d = -39 - a. What is the tens digit of d?
2
Let r be 3*2*35/10. Suppose 4*u = 61 - r. What is the tens digit of u?
1
Let b(n) = 5*n**2 + 4*n + 3. Suppose -3*i - 5*q = -14, 2*i + 24 = -0*i + 5*q. Let o be b(i). Let x = 21 - o. What is the units digit of x?
6
Let u(b) = -b**3 + 3*b**2 - b + 2. Let m be u(4). What is the tens digit of ((-3 - m) + 1)*1?
1
What is the tens digit of (-222)/(1 - 15/6)?
4
Suppose 2*y - 52 = -3*c + 7*y, y = 4. Let r = -14 + c. What is the tens digit of r?
1
Let d = 4 - 2. Let a be (-15)/d*68/(-6). Suppose -3*n = -8*n + a. What is the units digit of n?
7
Let q(z) = 47*z - 1. Let b(f) = -f - 2. Let v be b(-3). What is the units digit of q(v)?
6
Let k(i) = -5*i**3 - 11*i**2 - i + 5. Let h(t) = -t**3 - t**2 + t + 1. Let o(w) = 6*h(w) - k(w). Let b = 3 - -3. What is the units digit of o(b)?
7
Let t = 71 - -40. What is the hundreds digit of t?
1
Suppose -2 = -t + 1. Suppose -c - t*c = -80. What is the tens digit of c?
2
Suppose -3*a = -4*d - 62, a = -4*d + 38 - 12. Let w(v) = -3*v - 37. Let m be w(-13). Suppose -m*j + a = -6. What is the units digit of j?
4
Suppose 0 = -u - 5*r + 9, -2*u = -6*u - 4*r - 12. Let f = -8 - u. What is the units digit of (f/(-6))/(1/3)?
1
What is the units digit of 163/2 - 24/16?
0
Let q be (-6)/(-4)*(-4)/6. Let u(s) = 4*s**2 - 1. What is the units digit of u(q)?
3
Suppose -4*c = -5*x + 24, -4*x + 9 + 4 = 3*c. What is the units digit of 28/12 + x/6?
3
Let j(s) be the first derivative of 5*s**4/4 + 4*s**3/3 + 3*s**2/2 + 2*s + 1. Let w be j(-2). Let a = -18 - w. What is the units digit of a?
0
Let m(b) = -4*b**3 - 10*b**2 + 3*b - 4. Let d(f) = -5*f**3 - 11*f**2 + 2*f - 5. Let p(q) = -3*d(q) + 4*m(q). What is the units digit of p(-8)?
5
Let y(x) = -x + 5. Let p be y(5). Let c = -4 - p. What is the units digit of ((-2)/(-3))/(c/(-18))?
3
Suppose 2*l - 2*n = 12, 0*l - 33 = -4*l + n. Suppose 4*x = -w + l, 2*x - 3*w = 6*x - 11. Suppose -26 = -x*v - 0*v. What is the tens digit of v?
1
Suppose 5*z - 3*m = 75, 3*z + 0*m - 45 = -3*m. What is the tens digit of z?
1
Let g(i) = -i**2 - 9*i - 14. Let y be g(-11). Let r = -19 - y. What is the tens digit of r?
1
Suppose 2*x + 5*w + 32 = 253, 3*x - w = 306. What is the tens digit of x?
0
Let q = -11 - -7. Let f(i) = -3*i + 4. Let l be f(7). Let d = q - l. What is the tens digit of d?
1
Suppose -4*c = -0*c - 20. What is the units digit of c?
5
Suppose 0 = -3*n - 5*l + 13, 0 = n - 2*n + 5*l - 9. What is the units digit of (n/(-3))/(4/(-204))?
7
Let v = 3 + 3. Let x be (6/(-15))/(2/(-60)). Suppose 3*w + v = 0, 4*q - x = -w + 6. What is the units digit of q?
5
Suppose -4*x = f - 334 + 61, 279 = 4*x - f. What is the tens digit of x?
6
Let h(j) = -j**3 - 5*j**2 - 4*j + 3. Let c be h(-4). Suppose -p - 3*p = -8, 11 = c*a - 5*p. What is the units digit of a?
7
Let m = -32 + 41. What is the units digit of m?
9
Let n = -8 + 14. Let o(v) = -v**3 + 8*v**2 - 9*v + 9. What is the units digit of o(n)?
7
Let x = 91 + -53. Suppose -7 = -4*k + k - 5*r, -2*k + 5*r = -x. What is the units digit of (-2 + k)/(-1 - -2)?
7
Let t = -11 + 1. Let m = t - -15. What is the units digit of m?
5
Suppose -2*k - 6 = -5*k. Suppose 0 = k*j - 7 + 1. Suppose 4*d + 0*t + 4*t = 40, 12 = j*d - 3*t. What is the units digit of d?
7
Suppose 2*f + 0 + 16 = 0. Let m(w) = -w**3 - 9*w**2 - 9*w + 3. Let z be m(f). Suppose 3*n = z + 10. What is the units digit of n?
7
Let i(x) = x**3 + 5*x**2 - 8*x - 9. Let h be i(-6). Suppose -h*m + 14 + 106 = 0. What is the units digit of (18/15)/(6/m)?
8
Let k(h) be the third derivative of h**6/20 + h**5/60 - h**4/12 + h**3/6 + 8*h**2. What is the units digit of k(1)?
6
Let l = 29 - 7. Let h = l - 13. What is the units digit of h?
9
What is the units digit of 13/(-4 - (2 + -7))?
3
Let d(v) be the second derivative of v**4/6 + 2*v**3/3 - 3*v**2/2 - 5*v. Let q be d(-5). Suppose 5*a - 18 = q. What is the units digit of a?
9
Let k(o) = -o + 8. Suppose m = 2*d + 36, 3*m + m + 2*d - 144 = 0. Suppose -2*z - 2*z = 4*f - m, 0 = -5*z + 4*f + 18. What is the units digit of k(z)?
2
Suppose 50 - 35 = 5*l. What is the units digit of l?
3
Let u(z) = -z**3 + 18*z**2 - 16*z + 17. What is the tens digit of u(17)?
3
Let a(f) = 2*f**2 + f + 1. What is the units digit of a(-2)?
7
Let s(d) = 2*d. Suppose -2*t = -4*t + 8. What is the units digit of s(t)?
8
Let q(b) be the first derivative of -b**3/3 + 7*b**2/2 + 7*b + 1. What is the tens digit of q(6)?
1
Let g(a) = -5*a**2 + 3*a. Let j be g(-3). Suppose 0 = -r - 2*k + 6, -4*r + 1 = k - 30. What is the units digit of 2/8 - j/r?
7
Let m(v) = -v**3 + 2*v**2 + 4. Let h be m(3). Let a(u) = -u**2 - 5*u + 1. What is the units digit of a(h)?
1
What is the units digit of 11 - (0 - 6/(-2))?
8
Let b = 164 - -29. What is the tens digit of b?
9
Suppose -w - 3*s - 3 = 0, 2*s = w - 2 + 15. Let f = -14 + 16. What is the units digit of w/f*(1 + -3)?
9
Suppose -5*t = 170 - 730. What is the hundreds digit of t?
1
Suppose 2*g - 5 = 1. Let b(w) = 4*w + 3*w**2 - 5*w**2 + w**2 + 4. What is the units digit of b(g)?
7
What is the tens digit of (-4)/(-6) + 380/15?
2
Suppose d - 23 = -20, 3*h - d = 852. What is the units digit of h?
5
Suppose 3 = 2*j - 3. Let p = 0 + j. What is the units digit of 3/(3*p/6)?
2
Let d(f) be the first derivative of -f**4/4 + 5*f**3/3 + f**2/2 - 4*f - 2. Suppose a - 5*a + 20 = 0. What is the units digit of d(a)?
1
What is the hundreds digit of -1*(-236 - 5/(-5))?
2
Suppose o + 3*d = 12, -4*o + 2*d - 3 = 5. Suppose -4*b + 50 = 2*y, -b = -o*y - y + 34. What is the units digit of y?
1
Suppose -t = -3*h + 554, 4*h + 3*t = 604 + 152. What is the tens digit of h?
8
Let y be -2*4/(-2)*1. Suppose -2*m - y*a = -70, 5*a + 72 = 3*m - 0*a. What is the units digit of m?
9
Let o = 194 + -103. What is the tens digit of o?
9
Let b = -51 - -18. Let p = b + 46. What is the tens digit of p?
1
Suppose 4*y - y + 96 = 0. Let o = 0 - y. What is the tens digit of o?
3
Let c be -2 + 2 + (1 - 3). Let o be c - ((3 - 2) + -7). What is the units digit of (o/(4/3))/1?
3
Let m = 7 - 5. What is the units digit of (15/(-9))/(m/(-6))?
5
Let r(n) = -n**3 + 3*n**2 + 3*n + 3. Let g be r(4). Let u = -4 - 